Let m = y - -52. What is the greatest common factor of m and 8?
8
Suppose 2 = -2*m - 4, 3*v + 84 = 5*m. Let a be ((-110)/v)/((-2)/(-66)). Let k be (-15)/(3*(-2)/4). What is the highest common divisor of k and a?
10
Suppose -s = m - 81, -3*s + 492 = 5*m + 93. Suppose 3*j - 2*d = m, 4*j - 90 = d + 19. Calculate the highest common divisor of 112 and j.
28
Suppose 79*k - 74*k = 765. What is the highest common factor of k and 408?
51
Let v be 124/(4/(-1)) + 4. Let g = v - -35. Let d = 5 + 7. Calculate the highest common factor of d and g.
4
Suppose 10*y - 1998 = 1502. What is the highest common factor of 14 and y?
14
Let m = 19 - 16. Let o be 75/m*(-12)/(-6). Let t = 90 - o. Calculate the greatest common divisor of 5 and t.
5
Let n(u) = -4*u**2 + 93. Let s be n(0). Calculate the highest common factor of 31 and s.
31
Let q = -757 - -1156. What is the greatest common factor of 21 and q?
21
Let k = -10 + -5. Let d be (-822)/k - 1/(-5). Let p be ((-16)/(-10))/(2/d). Calculate the highest common divisor of 22 and p.
22
Let a = 31 + 29. Suppose r = -2*r + a. Calculate the highest common divisor of 10 and r.
10
Let h(u) = 2*u**2 - 4*u + 7. Let r be h(6). Let p(j) = -j**2 + 2*j + 5. Let d be p(-3). Let g = r + d. What is the highest common divisor of g and 30?
15
Suppose 2*v = 3*k + 52, -4*v = -3*v - 2*k - 28. Suppose 12*f - 10*f - 4 = 0, 4*g = -5*f + 290. What is the highest common factor of v and g?
10
Let i = -8950 + 8952. Suppose -4*w = m - 5 - 4, 0 = m - 4*w - 1. Calculate the greatest common factor of m and i.
1
Suppose 4*x + q - 3724 = 0, 8*x - 3*q - 944 = 7*x. What is the highest common factor of x and 4?
4
Suppose 5*z = -z + 48. Let g be 1 + (3 - 1) - -37. Calculate the greatest common factor of g and z.
8
Let k(z) = -4*z**3 - 17*z**2 + 19*z - 10. Let p be k(-6). What is the highest common divisor of p and 56?
8
Let s = 87 + 5. Let v = s + -4. Calculate the highest common divisor of v and 8.
8
Suppose -9 = -d - 4*w - 3, 3*d = 5*w - 16. Let v be 3/d*28/(-21). Suppose -3*p + 27 = b, 0*p + 2*p - 26 = v*b. What is the highest common divisor of 4 and p?
2
Suppose 2*y - 593 = -u, -8*y = -12*y - 4*u + 1188. What is the highest common factor of y and 8?
8
Let z(x) = x**3 - 9*x**2 - 5*x - 14. Let m be z(10). Let d(n) = -46*n + 12. Let s be d(-6). What is the highest common divisor of s and m?
36
Let c = 3209 - 1300. What is the greatest common divisor of 83 and c?
83
Let l be (-30 + -2 + -1)/1. Let r = l - -68. What is the highest common factor of 5 and r?
5
Let j = -69 - -14. Let q = j + 65. What is the highest common divisor of q and 4?
2
Suppose -4*d = -d. Suppose -12 = -z - d. What is the highest common factor of z and 60?
12
Let d be (-28)/(-6) + (-216)/324. What is the highest common factor of 52 and d?
4
Let k be 4/(-10) + (-81)/(-15). Suppose 5*y = 4*q - 49, 3*q + k*y - 3 = 2*y. Let c(m) = 2*m. Let t be c(21). What is the greatest common divisor of q and t?
6
Let r(d) = -d**3 + 6*d**2 + 9*d - 10. Let f = -17 - -24. Let i be r(f). Calculate the highest common factor of i and 10.
2
Let q(w) = 58*w**2 + 2*w - 2. Let i be q(2). Calculate the highest common factor of i and 18.
18
Let o(s) = 4*s**2 + 18*s + 4. Let q be o(-6). Calculate the highest common divisor of q and 16.
8
Let c = -1044 - -1184. Calculate the highest common factor of c and 455.
35
Let a be (40/(-60))/(4*(-3)/8190). What is the greatest common divisor of 105 and a?
35
Let v(c) = -2*c**3 - 4*c**2 + 268. Let y be v(0). Calculate the highest common divisor of y and 201.
67
Suppose 0 = -j - 2*j + 6. Suppose -j*c + 280 = -0*c. Calculate the greatest common divisor of 20 and c.
20
Let l be 3 - 1 - (8 + -6). Suppose 42 = 5*t - 4*h, -4*t + 6*t + 4*h = l. Calculate the highest common divisor of 30 and t.
6
Let x be (-19)/(-1) + 24/(3 - -5). Calculate the greatest common divisor of x and 18.
2
Suppose 41 = 4*t - 5*y, -3*t - 71 = -7*t - 5*y. Suppose -t - 706 = -5*w. What is the greatest common divisor of w and 16?
16
Let u(o) = -12*o**2 + o. Let c be u(-1). Let r = c + 16. Suppose -4*d = -r - 25. What is the greatest common factor of d and 21?
7
Let t(p) = p**2 - 10*p - 24. Let u be t(-13). Calculate the greatest common divisor of u and 100.
25
Let i(b) = -2*b**3 + 17*b**2 - 11*b - 14. Let j be i(7). Calculate the greatest common divisor of 42 and j.
14
Suppose -c = -2*c + 4*m + 8, -5*m = 10. Suppose c = 7*j - 8*j + 4. What is the highest common divisor of 32 and j?
4
Suppose 0 = 5*s - 32 - 28. Suppose 689 = 5*x + 69. Let h = x + -88. Calculate the greatest common divisor of h and s.
12
Suppose -26 = 3*u - 98. What is the greatest common divisor of 732 and u?
12
Let c = -117 - -123. Calculate the highest common factor of 72 and c.
6
Let g = -18 - -42. Suppose 0 = -5*j + 5*s + 185, 2*j + s + 2*s = 69. Calculate the highest common factor of g and j.
12
Let z be (-686)/(-9) + (-20)/90. Let c(t) = -4*t - 5. Let l be c(-6). What is the greatest common factor of z and l?
19
Suppose 4*n - 2*n = -10, -4*n - 24 = -2*b. Suppose 610 = b*x + 5*j, 3*x - 503 - 434 = -2*j. Calculate the highest common divisor of 35 and x.
35
Let j(n) = 2*n + 710. Let v be j(0). Let o be v/15 + 6/9. What is the highest common divisor of 12 and o?
12
Let x = 89 + 22. What is the highest common divisor of 185 and x?
37
Let k be (8 + -1)*((-18)/(-2) + 1). Suppose -6*r = -38 - k. What is the greatest common factor of 54 and r?
18
Let w(t) = -t**3 + 77*t**2 - 214*t - 48. Let l be w(74). What is the greatest common divisor of l and 64?
32
Suppose 24 = 2*z - 5*c - 16, 4*c - 24 = -4*z. Suppose 5*j - 109 = 36. Suppose q - 2*s - 13 = 0, s + j = 5*q - 0*s. What is the highest common factor of q and z?
5
Suppose 13*p - 18*p + 540 = 0. What is the greatest common factor of p and 306?
18
Let p(u) = -u**2 - 6*u. Let b be p(-3). Calculate the greatest common divisor of 369 and b.
9
Let v(s) = s**3 - 7*s**2 - s + 22. Let r be v(7). Calculate the highest common divisor of 3 and r.
3
Let u(b) = b**2 + 5*b - 30. Let z(x) = x**3 - 6*x**2 - 10*x + 10. Let i be z(7). Let m be u(i). Calculate the highest common divisor of 36 and m.
36
Suppose 60 = 5*m - m + 4*g, 3*m - 3*g = 15. Let y be (-4)/(-22) + 224/(-22). Let o = -8 - y. What is the highest common divisor of o and m?
2
Let r = -19 - -19. Suppose 4*u + u - 60 = r. Calculate the highest common factor of 108 and u.
12
Let f = 106 - -190. Calculate the highest common divisor of f and 37.
37
Suppose -2*n + 4*n - 34 = -r, -3*n + 39 = r. Calculate the greatest common divisor of r and 36.
12
Let r be (9/(-27))/(19/(-22287)). What is the greatest common divisor of 102 and r?
17
Let v be (10/(-2))/((-8)/16). Let x be 5*(-3 + 24/v) + 37. Let z = 26 + -9. Calculate the highest common divisor of z and x.
17
Let q = 22 - -16. Let u be 153 - (13 + -6) - -6. Calculate the highest common divisor of q and u.
38
Suppose -6*j - 161 = 157. Let t = 84 + j. What is the greatest common divisor of 217 and t?
31
Suppose 1 = 8*d - 71. Calculate the highest common factor of 30 and d.
3
Let d(n) = -n**3 - 9*n**2 + 4. Let j be d(-9). Suppose 0 = 3*v - 2*i - 54, 3*i + 83 = 5*v + 2*i. Calculate the highest common factor of j and v.
4
Let o(g) = -29*g - 204. Let i be o(-28). Calculate the highest common factor of i and 32.
32
Suppose -266 = -258*b + 251*b. Let v = 92 - 54. What is the highest common divisor of v and b?
38
Let w be ((-40)/(-30))/(2/6). Let s be (15 - -1)*(4 + -2). Calculate the highest common divisor of w and s.
4
Let q = 114 + -48. Let k(v) be the first derivative of v**2/2 + 6*v - 22. Let o be k(0). What is the greatest common factor of q and o?
6
Let s be (-218)/(-1090) + ((-1396)/10)/(-2). What is the highest common divisor of 63 and s?
7
Suppose f - 20 = -3*f. Suppose -2*q = -v, f*q + 3*v - 32 = -10. What is the highest common factor of 2 and q?
2
Let c be (-1 - -238)/(84/112). What is the greatest common divisor of 4 and c?
4
Suppose -4*n + 57 = 3*k - n, -3*n + 43 = 2*k. Suppose 7*c - k - 28 = 0. Calculate the greatest common factor of c and 54.
6
Suppose 6*j + 2 - 38 = 0. Calculate the greatest common divisor of 6 and j.
6
Suppose 0 = 16*f - 12*f - 20. Let q(x) = -x**3 - 10*x**2 + 7*x + 1. Let v be q(-11). Calculate the highest common factor of v and f.
5
Let x be (-48)/(-16) + 17 + 1. Let n be -4 + (